e the prime factors of v?
2
Let y(u) = -u + 6. Let o(q) = -q + 5. Let v(r) = 6*o(r) - 5*y(r). What are the prime factors of v(-2)?
2
Let i = 243 - 122. What are the prime factors of i?
11
Suppose p - 4*i = 4*p + 18, 4*p - 2*i + 46 = 0. List the prime factors of (-512)/p - 3/15.
3, 17
Let c(j) = j**3 + j**2 - 3*j + 4. Let h be c(-3). What are the prime factors of (-4)/(-10) - 13/h?
3
Let s be 0 - (-3 + 2 + -3). What are the prime factors of s/(-10) + 72/30?
2
Suppose 0 = -f - 0*r - 5*r + 95, 0 = -2*r - 2. What are the prime factors of f?
2, 5
Suppose -d = p - 29, -5*d + 87 = -2*p - 44. List the prime factors of d.
3
Let r be -11 + (3 - (-2 + 4)). Let y = -2 - r. What are the prime factors of y?
2
Let g = -28 + 57. List the prime factors of g.
29
Suppose -2*y - 266 = -4*h, -2*h - 5*y + 99 = -28. What are the prime factors of h?
2, 3, 11
Suppose 4*z - 4*y + 8 = 0, -15 = 4*y - 7*y. What are the prime factors of (-3 + 44/6)*z?
13
Suppose -4*z - 36 = -0*t - t, 4*z + 144 = 4*t. What are the prime factors of t?
2, 3
Let j = 14 - -23. Let m be 1 + -2 - -5 - 1. Suppose -j = -3*o - a, m*o + 2*a = -3*a + 29. List the prime factors of o.
13
Let j(u) = -u**2 - 6*u - 2. Let i be j(-5). Suppose i*c + 10 = 5*c. List the prime factors of c.
5
Let c(t) = t**3 - 3*t**2 + 4*t + 1. Let m be c(3). Let b = m + -6. List the prime factors of b.
7
Let c(k) be the first derivative of 5*k**2/2 + 5*k + 1. What are the prime factors of c(5)?
2, 3, 5
Suppose 0 = -13*o + 10*o - 24. Let k(g) = g**2 + 2*g - 11. What are the prime factors of k(o)?
37
Suppose 0*u + 3*u = 87. Let t = -17 + u. What are the prime factors of t?
2, 3
List the prime factors of (260/(-25))/(2/(-20)).
2, 13
Let n be -5 + 0/(-2) + 2. Suppose -4 = 2*c - 0. List the prime factors of (n/c + -2)*-34.
17
List the prime factors of (10/7)/((-4)/(-28)).
2, 5
Suppose -n - 2*n - 12 = y, -16 = 4*n - 5*y. List the prime factors of 18/((30/n)/(-5)).
2, 3
Suppose 9*v - 15 = 4*v. What are the prime factors of v?
3
Suppose -15 = -6*h + 3*h, -h = -c. Suppose 13 + c = 2*v. What are the prime factors of v?
3
Let t(k) = 4*k**2 - 2*k + 8. List the prime factors of t(2).
2, 5
Let k(h) = h**2 + h + 3. What are the prime factors of k(-4)?
3, 5
List the prime factors of (-1 + -68)*(10/6 + -3).
2, 23
What are the prime factors of (-5)/(20/344)*-2?
2, 43
Suppose 0*g + 2*g = -12. Let w = g + 9. Suppose w*p + 36 + 7 = 4*d, 5*p + 18 = -d. List the prime factors of d.
7
Let o(l) = l + 9. Suppose -3*x - 3 = -4*z + 26, z - 5 = 0. List the prime factors of o(x).
2, 3
Let n(y) = 13*y**2 - y. Let u(g) be the second derivative of -g**4 + g**3/6 - 2*g. Let w(c) = -6*n(c) - 7*u(c). What are the prime factors of w(1)?
5
Let p(g) = g**2 - 3*g + 1. What are the prime factors of p(9)?
5, 11
Suppose 7 = 3*c - 3*d - 2, -2*c - 3*d + 1 = 0. Suppose -3*v - 16 = -4*m - 0*v, -5*m - 5*v - 15 = 0. Let t = m + c. List the prime factors of t.
3
Let u = -3 - 4. Let q = u - -14. What are the prime factors of q?
7
Suppose 0 = 3*p + 2*p - 15. Suppose -p + 7 = z. What are the prime factors of z?
2
Suppose 0*r = -r - 3*w + 15, -r + 4*w = -15. What are the prime factors of 452/r + 4/(-30)?
2, 3, 5
Suppose 3*o - 34 = 20. What are the prime factors of o?
2, 3
Suppose 3*a = 2*h + 63, -40 = -2*a + 5*h + 13. Suppose 2*k + 31 + a = 0. List the prime factors of 2/3 + k/(-3).
3
List the prime factors of (-58500)/(-216) - (1 + 7/(-6)).
271
Suppose 0*h - 222 = 3*h. Let f = h - -125. What are the prime factors of f?
3, 17
Let j(r) = 60*r + 50. List the prime factors of j(5).
2, 5, 7
Suppose -5*y + 155 = -m, -3*m = m. List the prime factors of y.
31
Let u be (-3174)/(-33) - 4/22. Suppose 2*h - 5*h + u = 0. What are the prime factors of h?
2
Let g = -127 + 477. What are the prime factors of g?
2, 5, 7
Suppose 0 = -a + 2 + 7. What are the prime factors of (2 - 102/a)*-3?
2, 7
Let g be (-4 - (1 - 2))*-1. Let r(y) = 5*y + 2. Let h be r(g). Suppose 2*t + h = 2*n - 17, -5*t - 73 = -4*n. List the prime factors of n.
2, 3
Suppose -335 = -2*b - 59. List the prime factors of b.
2, 3, 23
Let a = -7 - -15. Suppose a = 5*d - 7. List the prime factors of d.
3
Suppose -13*b = -16*b - 207. Let g = -45 - b. What are the prime factors of g?
2, 3
Let b = 10 + 2. List the prime factors of b.
2, 3
Suppose 0 = 5*x + 4*v - 12, 5*x + 0 + 9 = 3*v. Let f = x - -20. List the prime factors of f.
2, 5
Let u = 13 - -2. Suppose -u = 5*c - 6*c. Let b = c + 8. What are the prime factors of b?
23
Suppose -p - 2*p = -3. Suppose -d = -p - 19. List the prime factors of d.
2, 5
Let b = -94 + 302. Suppose v = 4*r - 4*v - b, -5*v = -5*r + 255. List the prime factors of r.
47
Let i(u) = -u + 16. Let d(t) = t**2 + 4*t + 7. Let h be d(-5). Let z be i(h). Suppose -4*a - a = m - 4, -3*a + 33 = z*m. What are the prime factors of m?
3
Suppose 0 = 5*i + 13 + 17. Suppose -4*o = -5*o - 27. What are the prime factors of i/o - 230/(-18)?
13
Suppose -u - 2*q = -47, -3*q - 144 = -2*u - 2*u. What are the prime factors of u?
3, 13
Let w(y) = -y**2 + 16*y + 18. List the prime factors of w(12).
2, 3, 11
Suppose 0*k = k - 2. Suppose -16 = k*g - 36. What are the prime factors of g?
2, 5
Let i = -2 + 3. Let g be 2*3*2/(-6). List the prime factors of g*(i - 2) - -12.
2, 7
List the prime factors of 28 - (-2 + -2 + 2).
2, 3, 5
Let q = 21 - 29. What are the prime factors of ((-2)/(-3))/(q/(-180))?
3, 5
Let u be 54 - -2 - (-1 - 2). Suppose 80 = 3*c - 2*s, 47 = 4*c - 2*s - u. List the prime factors of c.
2, 13
Suppose -3*j - 2*j = -120. List the prime factors of j.
2, 3
What are the prime factors of -150*24/(-16)*24/15?
2, 3, 5
Suppose -x + 63 = -2*j, 5*x + 43 = 6*x + 2*j. What are the prime factors of x?
53
Let z = 130 - 73. What are the prime factors of z?
3, 19
Let q(p) = -p**3 - 8*p**2 - 8*p. Let l be q(-7). Let a be 3 - (l + -3)/1. Let n(m) = -9*m**3 + m**2 - 1. What are the prime factors of n(a)?
3
Suppose -2*q - 53 = -2*a + q, q = 5*a - 100. List the prime factors of a.
19
Let b = 174 - 75. Suppose 4*y - 57 = -g, 4*y - 5*g = b - 24. Suppose y = -l + 2*l. What are the prime factors of l?
3, 5
Let x(q) = -q + 282. What are the prime factors of x(0)?
2, 3, 47
Let x(k) = -92*k. Let c be x(-1). Let q = c + -54. Suppose 24 = 4*f + 5*r, 3*r - q = -2*f + 7*r. List the prime factors of f.
11
Let v = 12 + 28. List the prime factors of v.
2, 5
Suppose 227 + 103 = 2*q. List the prime factors of q.
3, 5, 11
Let r(n) = -n + 5. Let o be r(0). Suppose 2 = -4*x + 5*z - 0*z, -o*z = -2*x - 6. What are the prime factors of x?
2
Let n(c) = -14*c - 14. List the prime factors of n(-4).
2, 3, 7
Let o(z) be the first derivative of 3*z**2 - 2 - 1/3*z**3 + 2*z. What are the prime factors of o(5)?
7
Suppose 3*r - 3*x = 46 - 7, -4*r - 4*x + 36 = 0. List the prime factors of r.
11
Suppose -6*h + 228 = -0*h. What are the prime factors of h?
2, 19
Let c = -5 + 5. Suppose -2*n + 3*n - 11 = c. Suppose 16 = 3*h - 3*i - n, 5*h - 42 = 4*i. What are the prime factors of h?
2, 3
Let f = -9 - -18. Let z = 16 - f. Let k = z + 1. List the prime factors of k.
2
Let r be (-4 - -9)*4/5. What are the prime factors of (44 - r)/2 - 1?
19
Suppose -n - 3*n + 36 = 3*m, 2*n + 4*m - 28 = 0. Let g(j) = -j**3 - 3*j**2 + 2*j - 9. Let x be g(-4). What are the prime factors of x*(n*1)/(-3)?
2
Suppose -w - 4 = -8. Let u(r) = -r**3 + 6*r**2 - 4*r + 1. What are the prime factors of u(w)?
17
Suppose -c + 288 = 2*c - 3*u, 5*c - 4*u = 478. Suppose 5*j - 6 = c. List the prime factors of j.
2, 5
List the prime factors of 54*(21/(-6) - -4).
3
Let c be (2 + 0)/((-4)/106). Let k = c + 77. Suppose -d - 3*d = -4*q - 56, d - 3*q = k. List the prime factors of d.
3
Let a(c) = 6*c**2 + 45*c + 2. What are the prime factors of a(5)?
13, 29
Suppose 7*m - r = 9*m - 58, 0 = -2*m + r + 54. List the prime factors of m.
2, 7
Let c(k) = k**2 - 8. Let j be c(9). Let h = j - 36. List the prime factors of h.
37
Let q(r) be the third derivative of -r**6/120 - r**5/20 + r**4/12 - 2*r**3 + 6*r**2. List the prime factors of q(-5).
2, 7
Suppose 7*f - 2 = 6*f. Suppose -2*c - 10 + f = 0, 5*i + 2*c = 42. List the prime factors of i.
2, 5
Suppose 56 = j - 0*j. Suppose -59 = -5*q + j. What are the prime factors of q?
23
Let q(g) = 7*g + 2. Let o be q(2). Suppose 0*w + o = 2*w. List the prime factors of w.
2
Let r(g) = 4*g + 